hat is z(-6)?
4
Let c(s) = -s**2 - 236272*s + 1890230. Calculate c(8).
-10
Let q(i) = i**3 - 27*i**2 - 3117*i - 509. Calculate q(71).
-12
Let p(k) = 6*k**3 - 7*k**2 + 45*k + 181. Determine p(-3).
-179
Let l(n) = 2*n**3 + 21*n**2 - 72*n - 430. Determine l(-11).
241
Let r(b) = 10*b**2 - 120*b + 473. Calculate r(4).
153
Let d(m) = 622*m - 7113. Give d(17).
3461
Let t(z) = -2*z**3 + 1317*z**2 + 5955*z + 7959. Calculate t(663).
3
Let k(m) = 102*m**2 + 400*m + 3712. What is k(-8)?
7040
Let d(x) = -2*x**2 + 196*x + 18058. Give d(156).
-38
Let d(o) = -43*o**3 - 606*o**2 - 74*o - 278. Calculate d(-14).
-26
Let s(x) = x**3 - 38*x**2 + 119*x - 144. Give s(35).
346
Let c(b) = b**3 - 16*b**2 + 65*b - 73. What is c(4)?
-5
Let u(p) = 3*p**2 + 6457*p - 243013. Determine u(37).
3
Let x(l) = -163*l - 1537. Determine x(-4).
-885
Let n(f) = f**3 + 36*f**2 - 280*f - 4785. Calculate n(-40).
15
Let l(u) = u**2 - 288*u + 20713. What is l(150)?
13
Let v(l) = -90981*l + 636874. Determine v(7).
7
Let w(g) = -2140*g + 954434. What is w(446)?
-6
Let t(q) = 2*q**3 - 55*q**2 - 143*q - 320. Determine t(30).
-110
Let x(q) = -628896*q - 1886690. Calculate x(-3).
-2
Let j(d) = 26*d**2 - 7878*d + 243883. Calculate j(35).
3
Let y(t) = 9*t**2 - 2326*t + 116555. Calculate y(68).
3
Let n(w) = -6*w**2 - 702*w + 12836. Determine n(-133).
68
Let t(f) = -6*f**2 - 859*f + 843. What is t(-144)?
123
Let x(h) = h**2 - 6441*h - 2177690. What is x(-322)?
-4
Let c(b) = 2*b**3 + 272*b**2 - 1627*b + 1072. What is c(5)?
-13
Let l(t) = -6927*t + 13896. Determine l(2).
42
Let a(x) = 24186*x + 362538. Determine a(-15).
-252
Let i(g) = 707*g + 5484. Give i(-8).
-172
Let u(a) = -2324*a**2 - 9320*a - 78. Calculate u(-4).
18
Let b(f) = 3*f**3 + 34*f**2 - 994*f + 1835. Give b(12).
-13
Let s(x) = 460588*x - 1842338. Give s(4).
14
Let q(t) = 6*t**3 - 304*t**2 - 406*t - 21. Calculate q(52).
499
Let f(y) = 94*y**2 - 729*y - 1842. What is f(-2)?
-8
Let o(x) = 6*x**2 + 127*x - 13965. Determine o(-60).
15
Let g(k) = k**3 - 26*k**2 - 3829*k - 7420. Determine g(77).
126
Let k(u) = -4*u**2 + 463*u - 4022. Give k(9).
-179
Let n(a) = a**2 + 2015*a + 481474. Give n(-277).
48
Let d(m) = 600*m + 29986. Give d(-47).
1786
Let g(k) = -k**3 + 29*k**2 - 199*k + 882. Calculate g(22).
-108
Let k(i) = -11694*i + 81850. What is k(7)?
-8
Let j(l) = 1228*l + 3739. Calculate j(-3).
55
Let t(z) = -3*z**3 + 141*z**2 - 625*z - 203. What is t(42)?
7
Let u(k) = 52*k**2 + 171*k - 625. Give u(-5).
-180
Let u(j) = -9000*j + 17589. Give u(2).
-411
Let q(x) = 33*x**3 + 8474*x**2 - 1845*x - 11828. Determine q(-257).
-6
Let b(p) = 3858*p - 250793. Give b(65).
-23
Let a(d) = -672*d**2 + 5356*d + 127. Calculate a(8).
-33
Let c(z) = 1358*z + 24410. Determine c(-18).
-34
Let t(g) = 210974*g - 2742651. Calculate t(13).
11
Let p(r) = -2*r**2 - 328*r + 24189. Calculate p(55).
99
Let p(l) = 498*l**2 + 24889*l + 14. Calculate p(-50).
564
Let v(s) = 798892*s - 3994477. Determine v(5).
-17
Let p(s) = 10488*s + 2915648. Give p(-278).
-16
Let q(j) = 2*j**2 - 169*j + 1469. Give q(11).
-148
Let t(j) = -116*j**2 + 19368*j + 726. Calculate t(167).
58
Let h(f) = 655*f - 38042. Give h(58).
-52
Let g(b) = -3060449*b + 18362695. Calculate g(6).
1
Let t(y) = -4*y**3 + 7*y**2 + 215*y + 1019. Calculate t(-7).
1229
Let u(g) = g**3 - 2*g**2 + 96*g - 889. What is u(10)?
871
Let s(i) = -3529*i - 38927. Determine s(-11).
-108
Let j(z) = -z**3 + 99*z**2 + 964*z + 505. What is j(108)?
-359
Let r(d) = d**3 + 2*d**2 + 116218*d + 348656. Calculate r(-3).
-7
Let j(y) = 2*y**3 + 227*y**2 + 67*y - 5202. What is j(-113)?
-4
Let a(h) = h**2 + 326*h + 9143. Calculate a(-31).
-2
Let u(w) = w**3 - 72*w**2 + 4044*w - 39903. Calculate u(12).
-15
Let k(j) = 5*j**2 + 1526*j + 55254. What is k(-42)?
-18
Let t(n) = n**2 + 729*n + 61095. Give t(-97).
-209
Let u(t) = -3*t**2 + 169*t - 1927. What is u(50)?
-977
Let y(v) = v**3 - 48*v**2 + 558*v + 102. Calculate y(27).
-141
Let h(z) = 54392*z + 21865583. Give h(-402).
-1
Let g(q) = q**3 - 112*q**2 + 84*q + 2995. Determine g(111).
-2
Let m(g) = -2*g**2 + 1750*g + 10567. Determine m(-6).
-5
Let h(f) = f**2 + 26*f - 201. Calculate h(-23).
-270
Let r(p) = p**2 - 3465*p - 519717. Calculate r(-144).
-21
Let g(h) = -10180*h + 71098. Calculate g(7).
-162
Let j(r) = -1199*r + 130692. Determine j(109).
1
Let o(l) = -9739*l + 9533. Give o(1).
-206
Let d(j) = j**3 + 10*j**2 - 13*j + 2983. What is d(0)?
2983
Let c(y) = 3178*y + 79458. Calculate c(-25).
8
Let w(d) = 45*d + 7472. Determine w(-146).
902
Let q(c) = c**3 + 11*c**2 - 20*c + 56. Give q(5).
356
Let j(r) = -3*r**3 + 155*r**2 + 56*r + 269. What is j(52)?
477
Let f(x) = -3*x**3 + 228*x + 2221. Determine f(-10).
2941
Let w(x) = 11*x**3 + 2*x**2 + 3*x + 18. What is w(4)?
766
Let a(j) = -j**2 - 168684*j - 1686744. Calculate a(-10).
-4
Let r(o) = 15*o**3 + 674*o**2 - 57*o - 480. Give r(-45).
60
Let s(d) = -6*d**3 - 27*d**2 + 25*d + 121. What is s(-5)?
71
Let w(f) = -f**2 - 3150*f + 470897. Determine w(143).
-2
Let y(k) = -k**2 + 682*k - 70364. Give y(129).
973
Let a(b) = 2*b**2 - 862*b + 45585. Determine a(369).
-171
Let q(y) = -50626*y - 911247. Calculate q(-18).
21
Let o(w) = w**3 - 4*w**2 - 45*w - 189. What is o(-9)?
-837
Let m(d) = -573*d + 2653. Determine m(6).
-785
Let v(c) = 594*c**2 - 12*c - 18. Determine v(-1).
588
Let v(n) = n**2 + 325*n - 19627. What is v(52)?
-23
Let m(j) = -j**3 - 6*j**2 + 193*j + 211. Give m(-17).
109
Let u(q) = -2524*q - 116192. What is u(-46)?
-88
Let d(u) = u**3 - 107*u**2 + 253*u + 35665. What is d(101)?
12
Let q(s) = -s**3 - 88*s**2 - 1409*s + 691. Give q(-22).
-255
Let j(u) = 4*u**2 + 8806*u + 17610. Give j(-2).
14
Let j(y) = -2*y**2 - 450*y + 8721. Calculate j(18).
-27
Let v(p) = 5*p**3 + p**2 + 453*p + 901. Calculate v(-2).
-41
Let d(y) = -y**3 + 31*y**2 - 48*y + 620. Calculate d(30).
80
Let p(r) = -r**3 + 2*r**2 + 1321*r + 12011. Give p(-10).
1
Let v(n) = -n**3 - 29*n**2 - 206*n - 39. Determine v(-16).
-71
Let z(u) = -13575*u - 67517. Determine z(-5).
358
Let m(l) = -63183*l + 568794. Determine m(9).
147
Let x(q) = 85836*q - 514984. Calculate x(6).
32
Let f(l) = 1620*l - 30916. Give f(19).
-136
Let q(a) = 3*a**2 + 413*a + 8840. Give q(-26).
130
Let w(g) = -4*g**2 + 116*g - 132. What is w(18)?
660
Let m(l) = -5956*l - 35727. Determine m(-6).
9
Let h(f) = -f**3 - 120*f**2 - 1916*f + 457. Determine h(-101).
154
Let q(v) = -7270*v - 152812. Determine q(-21).
-142
Let z(c) = -5373*c + 193515. Give z(36).
87
Let v(s) = -s**3 + 193*s**2 - 193*s + 134. Give v(192).
-58
Let a(g) = g**3 - 12*g**2 + 35*g + 133. Determine a(-6).
-725
Let t(d) = 1170*d - 29778. Determine t(25).
-528
Let h(p) = -245*p + 19415. Give h(78).
305
Let b(n) = -7*n**3 + 5539*n**2 - 1368*n - 169255. Determine b(791).
19
Let y(t) = -305708*t + 13451142. Calculate y(44).
-10
Let p(s) = 2*s**3 - 116*s**2 + 82*s - 569. What is p(57)?
-2393
Let u(n) = n**2 - 280*n + 18636. What is u(139)?
-963
Let b(j) = 222*j - 8893. Calculate b(42).
431
Let m(n) = -n**2 + 14524*n - 29045. Determine m(2).
-1
Let i(q) = -4*q**3 - 3*q - 82. Calculate i(-5).
433
Let d(z) = 7*z**2 + 637*z + 1997. Give d(-87).
-439
Let g(k) = 2184*k + 2560. Calculate g(-1).
376
Let w(s) = -s**3 + 28*s**2 - 244*s + 391. Calculate w(2).
7
Let s(q) = -2*q**2 + 398*q - 16562. What is s(148)?
-1466
Let i(b) = -1365*b - 111909. Determine i(-82).
21
Let u(o) = -2930*o + 240270. Calculate u(82).
10
Let k(w) = w**3 - 350*w**2 - 173*w - 186858. Give k(352).
54
Let z(m) = -7026*m - 316008. Calculate z(-45).
162
Let j(n) = 1324*n - 27788. Calculate j(21).
16
Let i(c) = c**3 - 9*c**2 + 138*c - 1163. Calculate i(9).
79
Let f(o) = 2*o**3 + 36*o**2 - 596*o - 10616. Determine f(-19).
-14
Let x(l) = -393*l - 10720. Calculate x(-24).
-1288
Let r(n) = 133*n**2 - 6928*n - 345. Calculate r(52).
-969
Let q(k) = 186*k - 30557. What is q(164)?
-53
Let t(f) = -f**3 - 271*f**2 + 15348*f + 11522. Determine t(-319).
38
Let u(z) = 63112*z + 6689881. Calculate u(-106).
9
Let r(h) = -h**3 - 12*h**2 + 1180*h + 14164. What is r(-12)?
4
Let l(u) = u**3 - 2*u**2 - 133*u - 506. Determine l(-6).
4
Let x(f) = -77*f**2 + 464*f - 146. Determine x(6).
-134
Let n(y) = -y**3 - 77*y**2 + 1803*y - 8207. Calculate n(13).
22
Let r(a) = -2*a**3 + 36*a**2 + 2486*a + 1515. Give r(-27).
3
Le